- u + 128. What is the remainder when k(0) is divided by r?
29
Let b(t) = t**2 - 9*t + 101. Let x be b(0). Let f = -80 + x. What is the remainder when 41 is divided by f?
20
Let i = -259 + 280. What is the remainder when 144 is divided by i?
18
Suppose 31 + 51 = 2*w. Let f(c) = -c + 7. Calculate the remainder when w is divided by f(0).
6
Suppose 0 = -17*g + 357 + 204. Calculate the remainder when 129 is divided by g.
30
Let h(r) be the first derivative of -r**4/4 - 2*r**3 + 7*r**2 - 4*r - 5. What is the remainder when 58 + -2*(-3)/(-6) is divided by h(-8)?
9
Let s = -40 - -40. Suppose s = -3*h + 85 + 5. Calculate the remainder when h is divided by 11.
8
Calculate the remainder when 3/((1/2)/((-1608)/(-144))) is divided by 12.
7
Suppose 31 = 5*i - 5*c - 89, -4*c = i - 9. Calculate the remainder when 45 is divided by i.
3
What is the remainder when 358 is divided by -76 + 76 - 240/(-2)?
118
Calculate the remainder when 5 - ((-17)/1)/(4/60) is divided by 9.
8
Let p = 311 + -132. Calculate the remainder when p is divided by 38.
27
Suppose q = -5*z + 381, 5*z - q - 18 = 371. What is the remainder when 159 is divided by z?
5
Let n(c) = -2 + 79*c**2 - 230*c + 228*c - 1. What is the remainder when n(-1) is divided by 20?
18
Let i(d) = 8*d + 48. What is the remainder when (-78)/4*(-32)/12 is divided by i(-5)?
4
Calculate the remainder when 71 is divided by (7 + 71 + -6)*(-2)/(-6).
23
Let c(o) = -o**3 - 7*o**2 - 9*o + 7. Calculate the remainder when c(-8) is divided by 12.
11
Suppose m = t, 0 = -t - 0*m - 4*m. Suppose -a + 4*f = -51, -2*f = -t*a + 2*a - 112. Let x = 38 + -19. What is the remainder when a is divided by x?
17
What is the remainder when 157 is divided by (-4)/10 - (-216)/40?
2
Let m(r) = 2*r**2 - 66*r + 74. Calculate the remainder when 92 is divided by m(32).
2
Let s(p) = p**3 - 8*p**2 + 20*p - 3. Calculate the remainder when s(7) is divided by 30.
28
Suppose 4*u = -2 + 10. Suppose -124 = -0*r - 5*r - 2*j, 2*j + 84 = 3*r. Calculate the remainder when (u - 4/1) + 78 is divided by r.
24
Suppose -4*i + 9*i - 525 = 0. Let w = i - 67. What is the remainder when 189 is divided by w?
37
Let f(l) = -16*l + 1. Let r(k) = -2*k**3 + 78*k**2 - 2*k + 93. Calculate the remainder when f(-3) is divided by r(39).
4
Suppose -176 = -7*t + 6. What is the remainder when 65 is divided by t?
13
Suppose -7*t = -2*t + 2*o - 18, 0 = -5*t - o + 19. Suppose -4*u + t*b + 168 = 0, -2*b - 162 = -0*u - 4*u. What is the remainder when 75 is divided by u?
36
Let a(m) = -2 + m + 9*m + 1. Suppose -2*w - 20 + 26 = 0. Calculate the remainder when a(1) is divided by w.
0
Let p = 183 + -93. Let s = -9 + 12. Suppose -1 = 3*h - 2*h, s*h - 89 = -4*j. Calculate the remainder when p is divided by j.
21
Let u(a) = -21*a + 636. Calculate the remainder when u(25) is divided by 39.
33
Suppose -3 = 2*f - 5*x, -x = -5*f - 4*x + 8. Calculate the remainder when 183 is divided by -124*1/(-4)*f.
28
Suppose -14*k = -16*k - 214. Let g = -93 - k. What is the remainder when 54 is divided by g?
12
Suppose 4*c + 3*f - 2*f = 10, -4*f - 14 = -2*c. Suppose -o + 4*z + 27 = 0, 0*o - 5*o = c*z - 89. Calculate the remainder when 94 is divided by o.
18
What is the remainder when -4 + (3/(-6) - (-267)/2) is divided by 10?
9
Let g = -478 + 480. Suppose -3*y = -k - 24, -3*y - 5*k = 1 - 43. What is the remainder when y is divided by g?
1
Let a = -932 + 1400. Suppose 3*v - a = -3*v. What is the remainder when v is divided by 20?
18
Suppose -5*k - 4*g + 25 = -54, k = -g + 15. What is the remainder when (k/(-4))/((-1)/4) is divided by 11?
8
Suppose -13*v - 183 + 1418 = 0. Suppose 5*b - 28 = 92. What is the remainder when v is divided by b?
23
Let b = 69 + -3. Let d(u) = -87*u + 6. Let t be d(-1). Let v = t - b. Calculate the remainder when v is divided by 15.
12
Suppose 47*g + 99 = 56*g. Calculate the remainder when 912 is divided by g.
10
Calculate the remainder when 5*(-20 + (-4140)/(-100)) is divided by ((-29)/(-2))/(3/6).
20
Suppose 2*n - 43 = -1. What is the remainder when 79 is divided by n?
16
Suppose -r - 1132 = -5*y, -4*y - 123 + 1022 = -3*r. What is the remainder when y is divided by 34?
23
Suppose -1550 = -151*a + 126*a. What is the remainder when 617 is divided by a?
59
Let g = -64 + 153. Let c = -39 + g. What is the remainder when c is divided by 27/2 + 7/(-14)?
11
Suppose -54 = 3*w + 567. Let d = -99 - w. Calculate the remainder when d is divided by 29.
21
Let w be (-8)/(-44) + 404/44*-1. Calculate the remainder when ((-4 - w) + -8)*-27 is divided by 22.
15
Let f(c) = -10*c - 19. Suppose -4*z - 25 = z. What is the remainder when f(z) is divided by 16?
15
Let a = -529 - -717. What is the remainder when a is divided by 10?
8
Let a(x) = x**3 + 6*x**2 + x + 1. Let n = 1 + -5. What is the remainder when a(n) is divided by 89 + -95 + 23 + -1?
13
Suppose 3*h - 477 - 15 = 0. Calculate the remainder when h is divided by 33.
32
Let l be ((-244)/6)/(12/18). Let o = l - -104. Let f(j) = j**3 + j**2 - j + 23. What is the remainder when o is divided by f(0)?
20
Let u be (1 - 5/(-10))*4/3. Suppose -3*h + 150 = u*c - h, 0 = -h. What is the remainder when c is divided by 11?
9
Let r(s) = 11*s - 80. Calculate the remainder when r(11) is divided by 11.
8
Let q = 1 - 3. Suppose 112*r + 53 = 68 + 433. What is the remainder when (-68)/(-6) + q/6 is divided by r?
3
Let x = -1437 + 1577. Calculate the remainder when x is divided by 36.
32
Let z be (2 + (-20)/8)/((-2)/(-8)). Calculate the remainder when ((-1 - 0)/z)/(4/392) is divided by (10/3)/(3/9).
9
Let h(w) = -3*w**2 - w + 4. Let a be h(-3). Let j = a - -24. Calculate the remainder when (j - (6 - 1)) + 82 is divided by 14.
11
Calculate the remainder when ((-266)/4 + 9)*-6 is divided by 68.
5
Suppose 11*x - 429 = 935. Calculate the remainder when 509 is divided by x.
13
Suppose 0 = 32*a - 46 - 722. Calculate the remainder when 393 is divided by a.
9
Suppose -10*w - 33 = -1013. Calculate the remainder when w is divided by 13.
7
Suppose -7*w = -4*w. Suppose -4*j + 23 + 9 = w. What is the remainder when 22 is divided by j?
6
Let g(c) = c + 5. Let t be g(4). Suppose 4*h + 28 = -4*v + v, -2*v = -2*h. What is the remainder when 22 is divided by h + 4 - t/(-1)?
4
Let u(y) be the third derivative of -y**5/60 + 11*y**4/24 + 2*y**3/3 + y**2. Let p = 47 + -30. What is the remainder when u(7) is divided by p?
15
Let m be -232*(-3)/(6/2). Suppose y - 3*n - 80 = 0, 4*y - y = n + m. Calculate the remainder when y is divided by 20.
17
Suppose -5*u - 3*u + 32 = 0. Suppose -4*k + m + 4*m + 109 = 0, 4*k + u*m - 64 = 0. What is the remainder when k is divided by -5*(2 - (-36)/(-10))?
5
Suppose 6*z + 0*a - 100 = 4*a, 4*a + 86 = 5*z. Calculate the remainder when 64 is divided by z.
8
Suppose 0 = s + 1 + 3, w - 150 = -s. Calculate the remainder when w is divided by 13.
11
Suppose -8*u = -173 - 27. Calculate the remainder when 241 is divided by u.
16
Let t = -1855 + 2070. What is the remainder when t is divided by 18?
17
Let d = -80 + 84. Suppose 0 = -3*o + d*r + 408, o + 411 = 4*o - 3*r. What is the remainder when o is divided by 36?
32
What is the remainder when 50 is divided by 23 - ((-4)/3)/(54/81)?
0
Let u = -249 + 261. Suppose m - 44 = -0*m. Calculate the remainder when m is divided by u.
8
Suppose 45*x - 16*x - 377 = 0. Calculate the remainder when 831 is divided by x.
12
Let j be 2124/18*(-6)/(-2). Suppose -186 = -5*w + j. What is the remainder when w is divided by 22?
20
Let r be 5 - ((0 - -1)/(-1))/(-1). Suppose -5*z = -r*z - 15. What is the remainder when 47 is divided by z?
2
Let t = 180 + -146. Suppose 0 = f - 10 + 1. Calculate the remainder when t is divided by f.
7
Suppose 14*s - 10*s + 82 = 2*l, -5*s - 119 = -3*l. What is the remainder when l is divided by 7?
5
Let c = -2 - -14. Let i(a) = -a**2 - 62*a - 185. What is the remainder when i(-58) is divided by c?
11
Let a(h) = 14*h - 7. Calculate the remainder when 143 is divided by a(2).
17
Let k(g) = g**3 - 7*g**2 + 6*g + 4. Suppose -16 = -o - o - b, -4*b = -o - 10. Let h = -604 + 617. Calculate the remainder when h is divided by k(o).
1
Let s(x) = 4*x**3 + 17*x - 12. Calculate the remainder when s(5) is divided by 31.
15
Suppose -3*b + 215 = s, -4*b - 211 = -7*b + s. Let z = b - 42. What is the remainder when 113 is divided 